Let g(u) = 7*u**2 - 62*u - 27. What is the units digit of g(13)?
0
Let h = -3694 + 8408. What is the units digit of h?
4
Let c be (-79)/(-4)*(2 - 10). Let d = 20 - c. What is the hundreds digit of d?
1
Suppose -38*z = -45*z + 217. What is the units digit of z?
1
Suppose 2*t + 5*y = 5*t - 241, 5*t - 411 = -y. Let g be 819/(-14) - 2/(-4). Let p = g + t. What is the units digit of p?
4
Let b = -10 - -14. Suppose -345 + 141 = -3*c. Suppose -3*v = 9, 2*s + 0*s - b*v = c. What is the tens digit of s?
2
Suppose 1261 = 2*d + 5*g, -g = -3*d + 261 + 1588. What is the hundreds digit of d?
6
What is the units digit of (-1 + 5009 - 2) + (-80)/(-20)?
0
Let j be 6266/22 - 4/(-22). Let t = j - 113. What is the hundreds digit of t?
1
Suppose 3012 = 14*r - 2*r. What is the tens digit of r?
5
Let f(l) be the second derivative of -l**5/20 - 3*l**4/4 + 3*l**3/2 - 9*l**2/2 + 8*l. What is the units digit of f(-10)?
1
Let w(q) be the first derivative of q**4/4 + 19*q**3/3 - 3*q**2/2 + 34*q + 5. What is the tens digit of w(-19)?
9
Let q = -18 - -36. What is the units digit of ((-33)/22)/((q/(-8))/3)?
2
Suppose -767 = -3*u + 109. What is the hundreds digit of u?
2
Let q be (-432)/(-104) - (-2)/(-13). Suppose -y - 3*d - 32 = 2*d, 104 = -q*y + 4*d. Let i = y - -63. What is the units digit of i?
6
Let c(v) = 40*v**2 + 11*v - 7. Let j be c(3). Suppose -2*k + 2*x + j = 0, 3*k + 3*x - 398 = 211. What is the hundreds digit of k?
1
Suppose -2 = 12*h - 26. Suppose 5*l + 3*z = 857, 862 = 2*l + 3*l - h*z. What is the units digit of l?
2
Let q be -2 + 1 + 5 + -1. Suppose 12 - 136 = -l + q*g, -4*g = 4*l - 528. What is the tens digit of l?
3
Let q(a) = a**3 - 13*a**2 + 14. Let t(b) = -5 - 2*b + 2*b - 6*b + 8*b. Let d be t(9). What is the units digit of q(d)?
4
Let q(h) = h**2 - 7*h - 11. Let d be q(10). Let o = d - -3. What is the tens digit of o?
2
Let k = -50 - -340. What is the units digit of k?
0
Let b be -10 - 1/2*-2. Let m = b - -44. What is the units digit of m?
5
Let v = 7 + -4. Let r be v/(2/4 + -2). What is the units digit of r/7 - 102/(-14)?
7
What is the tens digit of 914 + (-64)/112 + (-8)/(-14)?
1
Suppose -2*q - 33 + 13 = 0. Let r be (-26)/(-5) + 2/q. Suppose -44 = -r*i + 16. What is the tens digit of i?
1
Suppose 4*k - 5*k + l + 6 = 0, 4*k - 24 = -2*l. Suppose -7*v + 26 = -k*v. What is the units digit of v?
6
Let l = 1034 + 1943. What is the hundreds digit of l?
9
Suppose 3*y + 3591 = -6*o + 9*o, y + 5993 = 5*o. What is the units digit of o?
9
Let b(f) = -3*f - 2. Let p be b(-6). Let u = p - 7. Let s = u + 5. What is the units digit of s?
4
Let g(u) = u**3 + 7*u**2 - 6*u - 4. What is the units digit of g(5)?
6
Let a be (-1 - 536)/(15/(-20)). Suppose -15*f = -11*f - a. What is the tens digit of f?
7
Suppose 2940*l = 2934*l + 1872. What is the hundreds digit of l?
3
Let m(s) = 2*s**2 + s - 6. Let i be m(5). Let r = 76 - i. What is the tens digit of r?
2
Let d(r) = 3*r**2 + 17*r + 25. What is the units digit of d(16)?
5
Let k(m) = m**2 + 28*m - 56. Let t be k(26). Suppose t + 830 = 11*v. What is the hundreds digit of v?
1
Let k(v) = -5*v + 10. Let j be k(-11). Suppose j*y - 60*y = 200. What is the tens digit of y?
4
Let i(u) = 41*u**3 - 2*u + 1. Let z be i(1). Let s = z + -22. Suppose -21 - s = -3*p. What is the units digit of p?
3
Let p be 1 + 15/(-9) + (-28)/(-6). What is the hundreds digit of (-240)/(45/12*p/(-10))?
1
Let v(t) = 6*t**3 + 2*t**2 + 2*t. Let m be v(-1). Let a be ((-14)/(-42))/((-2)/m). Let g = a + 26. What is the units digit of g?
7
Let o be 0/((-3)/3 + -1). Suppose o = 2*a + 3*a + 30. Let q = a - -14. What is the units digit of q?
8
Let w(i) = i**2 - 5*i - 6. Let b be w(10). Suppose j = 5 + b. What is the units digit of 59/7 + (-21)/j?
8
Let f = 708 + -421. What is the tens digit of f?
8
What is the tens digit of 8 + -10 - -2463 - 2?
5
Suppose -2*a = -4*l - 1014, 3*a + 2*a - 5*l = 2520. What is the hundreds digit of a?
5
Let n(g) = g + 1. Let p be n(2). Suppose z + 9 = 4*z. Suppose 5*o = -p*q + 48 + 18, z*o - 60 = -3*q. What is the units digit of q?
7
Suppose 5*r + 107 = -13. Let o = r + 47. What is the tens digit of o?
2
Let x(k) = -k**3 - k**2 + 2*k + 3. Let j be x(-2). Let n be j*1/1 - 1. Suppose w - n*w - 2*t = -9, 5*t + 30 = w. What is the tens digit of w?
1
Let y be (1/(-1))/((-17)/(-459)). Let n = 30 + y. What is the units digit of (-12)/(-3) - (-52 - n)?
9
Suppose 76*l - 79*l = 3. Let p(u) = 224*u**2 - 4*u - 1. What is the tens digit of p(l)?
2
Let j = -5 - -7. Suppose j*w - 37 = -2*w - x, x - 1 = 0. Suppose -t = -2*t + w. What is the units digit of t?
9
Let k be ((-22)/(-4))/((-8)/(-272)). Suppose 0*x - 2*x - 3*r + 364 = 0, 0 = x - r - k. What is the units digit of x?
5
Let d = 149 - 223. Let t = d - -134. What is the units digit of t?
0
Let g(q) = q + 10. Let r be g(-8). Suppose -2*p = -r*m + 2*p + 12, -5 = -5*p. Suppose 0 = 2*k - 4*d + d - m, -5*k + d + 46 = 0. What is the tens digit of k?
1
Let f(w) = 30*w - 15*w**3 + 23*w - 50*w - 2*w**2 + 12. What is the hundreds digit of f(-2)?
1
Let q = 11 + -26. Let r = q + 39. Suppose z = -d + r, 2*d - 114 = -3*d - 2*z. What is the units digit of d?
2
Let s = 315 + -165. What is the units digit of s?
0
Let o(s) be the third derivative of s**5/10 - s**4/8 - 2*s**3/3 + 10*s**2. Let n(w) = w**2 + 12*w + 9. Let v be n(-11). What is the tens digit of o(v)?
2
Suppose 5*q + 3036 = 17*q. What is the tens digit of q?
5
Let f(v) = v**3 + 8*v**2 - 11*v - 5. Suppose 3*h - 2*h = -3. Let l(c) = -c**2 + c + 3. Let g be l(h). What is the units digit of f(g)?
3
Let v be (-6)/(-1) - 3/(-3). Suppose 2*w = v*w. Suppose w = 2*p - 6*p + 160. What is the tens digit of p?
4
Let g be -4 - -2 - -3*1. Suppose x - g + 14 = 0. Let a = 15 + x. What is the units digit of a?
2
Let a be -2*(18/4)/9. What is the units digit of a - (0 - (75 - -1))?
5
Let y = 57 - 65. Let b = y + 85. What is the tens digit of b?
7
Let c be 89*(-2)/11 - 6/(-33). What is the hundreds digit of (-8)/3*(-2)/c*-642?
2
Let g be 5*(-1)/(-5) + 194. Let h = g + -136. What is the tens digit of h?
5
Let c(j) = 39*j**2 + 12*j + 45. What is the units digit of c(-7)?
2
Suppose -5*d = -3*w + 6661, d + 2*d - 12 = 0. What is the units digit of w?
7
Let q(i) = -i**3 - 3*i**2 + 2*i. Let j be q(-2). Let v be 110/j - (-12)/16. Let y = 14 + v. What is the units digit of y?
1
Suppose 2*l - 5 - 1 = 0. Let b be l/9 - (-95)/3. Let y = b + -21. What is the tens digit of y?
1
What is the hundreds digit of ((-506)/6 + 1)*(-95040)/2475?
2
Let t be (2 - 6)/(12/(-822)). Suppose -4*n - 3*o + t - 99 = 0, -2*n - o = -89. What is the units digit of n?
6
Let u(s) = -s**2 + 11*s + 13. Let l be u(12). Let o be (-18)/(-6) + (l - -8). Suppose o*p = 5*p + 70. What is the units digit of p?
0
Let x = -73 - -46. Let o(h) = 4*h**2 + 5*h - 4. Let b be o(-4). Let q = b + x. What is the units digit of q?
3
Let x(j) = 181*j - 111. What is the tens digit of x(5)?
9
Let t = -120 - -250. What is the hundreds digit of t?
1
Let d be ((-160)/(-6))/(-3*4/90). Let n = d + 321. What is the tens digit of n?
2
Suppose -31 = -5*d + k - 9, 5*d = -5*k + 10. Suppose 5 = 5*v + 2*h, -5*h - 5 + 33 = -3*v. Let l = d - v. What is the units digit of l?
5
Let j(u) = u**3 + 11*u**2 - 4*u + 6. Suppose 4*o = 5*w + 35, -w - o = -2*w - 6. What is the units digit of j(w)?
0
Suppose 4*m = -8, -2*m - 16 = -4*x - 0*x. What is the tens digit of (1 - x) + 26/1?
2
Let l(n) = 46*n**2 + 21*n - 4. What is the units digit of l(-3)?
7
Let m = -73 + 75. Suppose -5*a + 0*i + 562 = i, m*a - 3*i = 235. What is the units digit of a?
3
Let r(u) = -15*u**2 + 6*u - 1. Let j(w) = -w. Let q(m) = -6*j(m) - r(m). Let a be q(-2). Let b = a + -16. What is the tens digit of b?
4
Let v(m) = m**3 + 8*m**2 + 5*m - 8. Let r be v(-7). Let w be (2 - r - -2)*1. What is the tens digit of (w/4 + 0)*-38?
1
Let i = 13 + -12. Suppose -2*v + 3*g = -10 - 6, -g = -2. What is the units digit of (77/v)/(i/5)?
5
Let y(v) = -1 + 3*v**2 + 17 - 4*v**2 - 13*v. Let z be y(-14). Suppose -q + 0 = -z. What is the units digit of q?
2
Let r be (7 - 0) + (-12 - -8). Suppose -r*j - 2*p = -j - 190, 4*j + 2*p - 388 = 0. What is the tens digit of j?
9
Let l(d) = -4*d**2 + 11*d - 2. Let y be l(6). Let j = -36 - y. What is the units digit of j?
4
Let a = 10495 + -7389. What is the hundr